ed by 18782?
78
What is the remainder when 157740065 is divided by 879?
878
What is the remainder when 30056597 is divided by 634?
559
What is the remainder when 95097 is divided by 1340?
1297
What is the remainder when 82559 is divided by 82536?
23
Calculate the remainder when 767078 is divided by 76.
10
Calculate the remainder when 162208335 is divided by 3648.
15
Calculate the remainder when 16538 is divided by 2185.
1243
What is the remainder when 28259 is divided by 7039?
103
What is the remainder when 940692 is divided by 5?
2
Calculate the remainder when 1051978 is divided by 525827.
324
What is the remainder when 1955307 is divided by 244392?
171
What is the remainder when 930607 is divided by 1879?
502
What is the remainder when 4212747 is divided by 1142?
1051
What is the remainder when 69428302 is divided by 22?
20
What is the remainder when 394247 is divided by 196773?
701
What is the remainder when 62968689 is divided by 57?
48
What is the remainder when 193502 is divided by 3720?
62
Calculate the remainder when 183560 is divided by 8732.
188
What is the remainder when 5123 is divided by 78?
53
What is the remainder when 18569290 is divided by 301?
299
What is the remainder when 20029431 is divided by 102?
99
Calculate the remainder when 1332024 is divided by 5.
4
Calculate the remainder when 120170950 is divided by 58.
54
Calculate the remainder when 777597 is divided by 39.
15
What is the remainder when 1875378 is divided by 4381?
310
Calculate the remainder when 784045 is divided by 166.
27
Calculate the remainder when 231281 is divided by 4625.
31
What is the remainder when 157734 is divided by 103?
41
What is the remainder when 915070 is divided by 57?
49
Calculate the remainder when 270248 is divided by 15010.
68
What is the remainder when 1304929 is divided by 434975?
4
What is the remainder when 3450044 is divided by 265?
9
What is the remainder when 252920 is divided by 12021?
479
Calculate the remainder when 70667 is divided by 70622.
45
What is the remainder when 260958 is divided by 21?
12
Calculate the remainder when 1493172 is divided by 519.
9
Calculate the remainder when 97432258 is divided by 48716126.
6
What is the remainder when 2135511 is divided by 48534?
15
Calculate the remainder when 7763880 is divided by 2352.
2280
Calculate the remainder when 955036 is divided by 102.
10
What is the remainder when 100073 is divided by 57?
38
Calculate the remainder when 1908137 is divided by 813.
26
Calculate the remainder when 891960 is divided by 525.
510
What is the remainder when 4537 is divided by 2661?
1876
What is the remainder when 305064 is divided by 152013?
1038
Calculate the remainder when 953611 is divided by 1807.
1322
Calculate the remainder when 40310 is divided by 1826.
138
What is the remainder when 18203942 is divided by 208?
198
What is the remainder when 646650 is divided by 377?
95
Calculate the remainder when 4803 is divided by 4597.
206
Calculate the remainder when 853565 is divided by 46.
35
What is the remainder when 43623 is divided by 8720?
23
Calculate the remainder when 1383617 is divided by 1105.
157
What is the remainder when 128029 is divided by 1025?
929
Calculate the remainder when 3886318 is divided by 971513.
266
What is the remainder when 381529149 is divided by 1984?
1981
Calculate the remainder when 455898661 is divided by 767.
764
What is the remainder when 1777615491 is divided by 937?
933
What is the remainder when 98336 is divided by 133?
49
Calculate the remainder when 36511774 is divided by 588899.
36
Calculate the remainder when 125574 is divided by 3324.
2586
What is the remainder when 2343951 is divided by 20?
11
What is the remainder when 96427230 is divided by 4490?
4480
Calculate the remainder when 8879847 is divided by 4439850.
147
Calculate the remainder when 1764022 is divided by 198.
40
What is the remainder when 412824 is divided by 58967?
55
What is the remainder when 138283679 is divided by 69141830?
19
What is the remainder when 7428 is divided by 1101?
822
What is the remainder when 770867 is divided by 770809?
58
What is the remainder when 355178 is divided by 591?
578
Calculate the remainder when 723596 is divided by 1644.
236
Calculate the remainder when 18647889 is divided by 57.
54
What is the remainder when 384551 is divided by 6866?
55
What is the remainder when 194569759 is divided by 623621?
7
What is the remainder when 3140298 is divided by 519?
348
What is the remainder when 1699346 is divided by 10959?
701
What is the remainder when 1958297 is divided by 109?
3
What is the remainder when 617504831 is divided by 448?
447
What is the remainder when 172812 is divided by 160?
12
Calculate the remainder when 5068403 is divided by 11262.
503
Calculate the remainder when 3969830 is divided by 281.
143
Calculate the remainder when 4648890 is divided by 357600.
90
Calculate the remainder when 9761335 is divided by 10.
5
Calculate the remainder when 7835450 is divided by 956.
74
What is the remainder when 106651 is divided by 53020?
611
What is the remainder when 156654 is divided by 8663?
720
What is the remainder when 244000850 is divided by 366?
362
Calculate the remainder when 8292079 is divided by 93.
13
What is the remainder when 1593370 is divided by 227604?
142
Calculate the remainder when 7455446 is divided by 364.
362
Calculate the remainder when 31001778 is divided by 171.
162
What is the remainder when 366183 is divided by 2508?
15
Calculate the remainder when 50248501 is divided by 1093.
12
What is the remainder when 30858635 is divided by 157442?
3
Calculate the remainder when 29360762 is divided by 20838.
20
Calculate the remainder when 61286 is divided by 3057.
146
Calculate the remainder when 2534376 is divided by 2527.
2322
Calculate the remainder when 10148421 is divided by 1127585.
156
Calculate the remainder when 1013084 is divided by 84346.
932
Calculate the remainder when 38598 is divided by 931.
427
What is the remainder when 97773 is divided by 363?
126
What is the remainder when 416334 is divided by 3589?
10
What is the remainder when 5209416 is divided by 7?
2
Calculate the remainder when 5080045 is divided by 72572.
5
What is the remainder when 1675002 is divided by 558331?
9
What is the remainder when 4738848 is divided by 10995?
3
Calculate the remainder when 118287575 is divided by 22.
21
What is the remainder when 1510583 is divided by 215783?
102
Calculate the remainder when 4601590 is divided by 920303.
75
Calculate the remainder when 40832934 is divided by 888.
30
What is the remainder when 37459 is divided by 5350?
9
What is the remainder when 554000 is divided by 6595?
20
Calculate the remainder when 17251272 is divided by 457.
436
What is the remainder when 1286596 is divided by 41503?
3
What is the remainder when 10673948 is divided by 375?
323
Calculate the remainder when 17136 is divided by 1105.
561
Calculate the remainder when 4444782 is divided by 658.
650
Calculate the remainder when 628222 is divided by 152.
6
What is the remainder when 1636479 is divided by 1595?
9
What is the remainder when 24144613 is divided by 1917?
1915
What is the remainder when 24186 is divided by 7970?
276
What is the remainder when 3056536605 is divided by 1668?
1665
Calculate the remainder when 3622587 is divided by 3.
0
Calculate the remainder when 26840368 is divided by 21.
16
What is the remainder when 37009 is divided by 193?
146
What is the remainder when 3692747 is divided by 54?
11
Calculate the remainder when 2256187 is divided by 35.
17
What is the remainder when 63877 is divided by 6225?
1627
What is the remainder when 3695358 is divided by 9379?
32
Calculate the remainder when 389553 is divided by 194736.
81
What is the remainder when 2489036 is divided by 404?
396
What is the remainder when 862398 is divided by 123181?
131
Calculate the remainder when 52808 is divided by 52805.
3
What is the remainder when 5571285 is divided by 2883?
1329
Calculate the remainder when 2363743 is divided by 63884.
35
What is the remainder when 81707172 is divided by 246?
240
Calculate the remainder when 289602433 is divided by 733.
730
Calculate the remainder when 294187 is divided by 15483.
10
What is the remainder when 20371632 is divide